131. What is the hundreds digit of b(1)?
6
Let p(a) = 249*a**3 + 2*a**2 - 35*a + 106. What is the ten thousands digit of p(4)?
1
Let l(b) = b**2 - 7*b + 5. Let u be l(1). What is the hundreds digit of 1510/(4 - u) + 1?
3
Let n = 399 + -403. What is the tens digit of (-3197)/n - 9/(-12)?
0
Let t = -5891 - -11769. What is the thousands digit of t?
5
Let d = -853 - -827. Let j(a) = -29*a + 243. What is the hundreds digit of j(d)?
9
What is the units digit of ((-4348)/6)/(15/(7290/(-12)))?
9
Let z be 30/27*(-216)/(-48). Suppose z*g - 1667 = -12. What is the tens digit of g?
3
Let i(w) = 2*w**2 - 36*w + 53. Let x be i(14). Let r = x + 65. What is the units digit of r?
6
Let a = -71 - -87. What is the hundreds digit of (-7 - -9)*16216/a?
0
Suppose 4*a - 316 = 492. Let x be 3/9 + a/6 + -2. Let h = x - 10. What is the units digit of h?
2
Suppose 0 = 2*s + 5*p - 16, -3*s - 1 = 2*p - 3. What is the units digit of s + 5/(-5) - -275?
2
Let x(n) = -2*n**2 + 28*n - 33. Let v be x(11). Suppose 13832 + 24382 = v*u. What is the hundreds digit of u?
1
Suppose d = -5*u - 2, -3*u - 11*d + 9*d = 4. Let t(y) = -2*y - 3*y**3 + 0*y + 25 + 2*y**3. What is the units digit of t(u)?
5
Suppose -5*m - 2*h = 26, -3*m - 9 = -4*h + 17. Let j(s) = -s - 1. Let g(u) = 10*u - 4. Let y(a) = m*j(a) + 2*g(a). What is the tens digit of y(1)?
2
Let r(m) = -3*m + 6. Let z = 58 - 56. Let y be r(z). Suppose 22*p - 27*p + 690 = y. What is the tens digit of p?
3
What is the units digit of -4 + ((772 - -12)/7 - -1*7)?
5
Let d(t) = t - 15. Let w be d(3). Let k be (-1611)/w + 4/(-16). Suppose 2*u - k - 6 = 0. What is the tens digit of u?
7
Suppose d - 405 = -k, -12*d - 811 = -2*k - 13*d. What is the hundreds digit of k?
4
Suppose 3*y - 5*z - 285 = -1711, -y + 3*z = 478. Let c = -211 - y. What is the hundreds digit of c?
2
Let g(z) = -z**2 + 11*z + 26. Let j be g(-8). Let v(n) = -n**3 - 12*n**2 + 12*n. Let a be v(-13). Let c = a - j. What is the tens digit of c?
3
Suppose -17*t - 4*t = 31*t - 941668. What is the tens digit of t?
0
Suppose -255*m = -7208479 + 98059. What is the tens digit of m?
8
Let w(p) = p**3 - 3*p**2 - 6*p + 10. Let j be w(4). Suppose 15 - 35 = -j*h. Suppose 2*t - h = 88. What is the tens digit of t?
4
Let p be (3 + (1 - 0))*19/(-38). Let l be (0 - p/(-6))/(2/(-138)). Suppose -4*d = -l - 9. What is the units digit of d?
8
Suppose 4*h - 200*o = -199*o + 36214, 0 = 4*h - 4*o - 36196. What is the thousands digit of h?
9
What is the hundreds digit of 0/(-13 + 23) + 14161?
1
Let h = -29452 + 41616. What is the thousands digit of h?
2
Suppose -23*d - 2*d = -203393 - 11107. What is the hundreds digit of d?
5
Let w = -348 + 343. What is the hundreds digit of 256/w*2470/(-76)?
6
Suppose 3*z + 2*c = 2132, 2*z = -4*c + 8*c + 1416. Suppose -z = 38*n - 39*n. Suppose -7*q + n = 73. What is the tens digit of q?
9
Let m(t) = 116*t**2 - 135*t + 50. What is the hundreds digit of m(-11)?
5
Suppose -139*p = -184*p + 2977335. What is the ten thousands digit of p?
6
Let w be (-6)/21 + 1180/14. Let q be 1 - ((-76224)/w + (-3)/(-7)). Let c = q + -606. What is the hundreds digit of c?
3
Let q(h) = -16*h**3 + h**2 + 2*h + 3. Let v = -84 + 84. Suppose -18*l + 16*l - 4 = v. What is the units digit of q(l)?
1
Let a(c) = 39*c - 70. Let j be a(2). What is the tens digit of 2*(-217 + 7)*(-2)/j?
0
Let l = -89 - -89. Suppose -3*b - 1057 = -2*i - 8*b, 5*i - 4*b - 2692 = l. What is the units digit of i?
6
Let s = -5422 - -10235. What is the thousands digit of s?
4
Let c be 9 + -4 + (-596)/(-1). Let n = c + -425. What is the hundreds digit of n?
1
Let i(s) = 2*s**3 - 25*s**2 + 16*s - 14. Let u be i(11). Let q = 260 + u. What is the tens digit of q?
5
Let y = 3592 + -3589. Let b(o) = -5 + 4 + 6*o - 11 - 2*o**2 + 5*o**3. What is the hundreds digit of b(y)?
1
Let s(q) = q**3 + 2*q**2 + 84*q - 11. What is the tens digit of s(14)?
0
Let w = 97 + -84. Suppose -u = -3*u + 180. Let d = w + u. What is the tens digit of d?
0
Let m = 377 + -374. Suppose -m*u + 2404 = 22. What is the tens digit of u?
9
What is the hundreds digit of 1141632/162 + 19/(-171)?
0
Let a(i) = i**2 + 117*i + 23992. What is the thousands digit of a(0)?
3
Let p = 12676 - 6713. What is the tens digit of p?
6
Let f(k) = -30*k - 43. Let d(h) = -31*h - 43. Let t(i) = 4*d(i) - 5*f(i). What is the units digit of t(4)?
7
Suppose -11*q = -15*q + 3124. Let z = -289 + q. Let c = z + -239. What is the units digit of c?
3
Suppose 731*t + 251084 = 735*t - f, -2*t + f + 125542 = 0. What is the tens digit of t?
7
Suppose 3 - 9 = -2*p. Suppose y + 64 = f, 5*f - 293 = -p*y + 59. Suppose 2*j = m - f, 2*m + j - 108 = -2*j. What is the tens digit of m?
6
Let x(f) = -10*f - 13. Let q be -17 + (7 + 0 - 2). Let k be x(q). Suppose -5*h - 74 = -c, -2*c - 19 = 2*h - k. What is the tens digit of c?
4
Let h(c) = 24*c**3 + 3*c**2 + 5*c - 8. Let r(a) = -2*a**3 + a - 1. Let d(t) = -h(t) + 4*r(t). What is the tens digit of d(-2)?
5
Let w(n) = 23*n**3 + 5*n**2 - 11*n + 7. Let m be w(3). Let b(x) = 3*x + 4 + 639*x**2 - m*x**2 + 16*x. What is the tens digit of b(16)?
5
What is the hundreds digit of 359/(-4)*((-11295)/15 + (11 - 10))?
4
Let l = 12839 + 8540. What is the ten thousands digit of l?
2
Suppose 7*i + 5673 - 773 = 0. Let f = 1425 + i. What is the units digit of f?
5
Let o be 3 + 115/69 + 4/(-6). Suppose 0*g - 5*v - 625 = -5*g, -514 = -o*g - 3*v. What is the tens digit of g?
2
Let p = -5332 + 7882. What is the tens digit of p?
5
Suppose 3*q - 2*m - 566 = 0, -3*m + 2*m - 376 = -2*q. Suppose -5*p = q + 244. What is the units digit of (2/(-1))/(4/p)?
3
Let w(q) = 1928*q - 34. What is the tens digit of w(3)?
5
Let d(j) = -107*j**3 + j**2 - 7*j - 53. What is the hundreds digit of d(-4)?
8
Suppose -128*h + 134*h + 30 = 0. What is the tens digit of -2*2*(-4 - h/20)?
1
Let v(a) = -a**2 + 4*a. Let q be v(2). Suppose 335 + 305 = -q*j. Let n = j - -252. What is the tens digit of n?
9
Let o be (1 - (-45)/(-3))/(-1). Suppose 0 = o*s + 1794 - 11496. What is the hundreds digit of s?
6
Let v = 7665 - -5019. What is the thousands digit of v?
2
Let i(p) = p**3 - 9*p**2 + 10*p + 28. Let k be i(7). Suppose 109*z - 107*z - 102 = k. What is the tens digit of z?
5
Let h = -3623 - -4596. What is the hundreds digit of h?
9
Let g be -3 + 75/(-30)*(0 - -134). Let p = 22 - g. What is the units digit of p?
0
Let n(z) = z**3 - z - 2. Let d(v) = 413*v**3 + v**2 + 3*v - 11. Let w(j) = d(j) - 3*n(j). What is the tens digit of w(1)?
1
What is the tens digit of 1 - -6 - (-355 - -93)?
6
What is the tens digit of 60782/6 + (-6240)/1440?
2
Let d(n) = n**3 + 3*n**2 + 3*n - 290. Let g(m) = 3*m**3 + 10*m**2 + 7*m - 870. Let z(u) = -7*d(u) + 2*g(u). What is the hundreds digit of z(0)?
2
Suppose 3*m - 24380 = -2*m - 5*x, 4*m - x - 19504 = 0. Suppose -22*c = -m - 3748. What is the hundreds digit of c?
3
Let k = 266 + -182. Suppose 0 = 3*m + s - 470, -m + s + 70 + k = 0. Suppose m + 93 = 3*o - a, -5*a - 321 = -4*o. What is the units digit of o?
4
Let g = 148 + -143. Suppose w = 4*w, -g*h = 3*w - 1185. What is the tens digit of h?
3
Let a be (-1)/2*((3 - -1) + 0). Let j be 2 + (-5 - -2)/(a + 1). Suppose -j*i - 4*z = -332, -2*z - 17 = i - 87. What is the tens digit of i?
6
Suppose -3*c = 5*j + 33, -3 = -j - 3*c - 0*c. Let l(v) = -80*v - 119. What is the units digit of l(j)?
1
Let f = -10602 + 54437. What is the ten thousands digit of f?
4
Let c = 16721 + -9997. What is the units digit of c?
4
What is the hundreds digit of (-247)/(-1)*(-12 + -10)/(-2)?
7
Suppose -5*p + 274 = 9. Suppose 0 = -66*i + p*i + 1326. What is the tens digit of i?
0
Suppose -3*r + 4*v - 433 = 1885, 0 = 4*r - 4*v + 3092. Let p = 30 - r. What is the units digit of p?
4
Suppose 2*g - w = 6158, w + 0*w = 8*g - 24620. Let h = g - 1596. What is the hundreds digit of h?
4
Let w(f) = -15*f - 11. Let s = 22 - 17. Suppose 2*q + 2 = -2*y, -22 = 2*y + 2*q - s*q. What is the units digit of w(y)?
4
Let b(t) = 63*t**2 - 5*t - 39. What is the hundreds digit of b(-8)?
0
Suppose -4999 = -9*f - 427. Let k(o) = 3*o**2 - 19*o - 85. Let q be k(-9). Let n = f - q. What is the tens digit of n?
7
Let h = 16789 + -11459. What is the thousands digit of h?
5
Suppose 23*b + 88*b - 9*b = 759900. What is the tens digit of b?
5
Let f = 7859 + -254. What is the tens digit of 